). Give m(k).
1
Let u = -3 + 4. Suppose -2*h - u = -3. Let p(w) = w**2 + 2 - 3 - h - 2*w. Give p(4).
6
Let o(f) be the second derivative of f**3/3 + 3*f**2/2 - 2*f. Let p = -15 - -13. Determine o(p).
-1
Let v(c) = 2*c + 18. Let u be v(-12). Let z(o) = o**2 + 6*o. Determine z(u).
0
Let b(u) = -3*u + 2. Suppose 2*d - 5 - 1 = 0. Suppose -d*f - 3*w + 9 = 0, w - 5 = -f + 2*w. Suppose 8 = -4*p, -m + f*p + 9 = p. What is b(m)?
-7
Let n(f) = 6*f**3 - 2*f**2 + f + 1. Let i be n(1). Let g(w) = -w + 3. Let a be g(0). Let l(j) = 1 - j**a - 3 - 3 - 7*j - i*j**2. What is l(-5)?
5
Let w(r) = 5*r**2 - 4 - 7*r**2 + 2*r**2 - r**3. Let y = 1 + 4. Suppose 0 = -5*f + k - 3, -5*f - 20 = -5*k - y. What is w(f)?
-4
Let j = 92 + -551/6. Let c(m) be the second derivative of 0 + j*m**3 + 1/2*m**2 - 2*m + 1/12*m**4 + 1/10*m**5. Calculate c(-1).
-1
Let q(c) = 0*c**2 - 3*c**2 - 2*c + 6 - c**3 + 5*c**2 + 3*c**2. Suppose 3*g + 6 = n, -2*n = -5*g - 0*g - 10. Let f be n/(-5) + 5 + 0. What is q(f)?
-4
Let w(n) = 4*n**2 + 7*n + 5. Let r(a) = a + 1. Let b(i) = -3*r(i) + w(i). Determine b(-2).
10
Let m(z) be the first derivative of -z**3/3 - 7*z**2/2 - 3*z + 2. Let o = -31 + 25. Calculate m(o).
3
Let s(y) = 2*y**2 - 7*y + 5. Let i(h) = -6 + 11*h + 2 - 2 - h**2. Let x be i(10). Give s(x).
9
Let h(b) be the third derivative of b**4/24 + b**3/6 - 11*b**2. Determine h(-4).
-3
Let w(g) be the second derivative of g**5/20 - g**4/2 + 5*g**3/6 + 3*g**2/2 + 4*g + 1. Give w(4).
-9
Let k(d) = d**3 + 7*d**2 + 6*d - 5. Let v be 160/(-25) - 4/(-10). Give k(v).
-5
Let o be (-1 - -11)/((-3)/(-3)). Let c = o + -25. Let q be (-3)/c - (-72)/15. Let t(d) = -2*d + 7. Determine t(q).
-3
Let x(a) be the first derivative of a**2/2 + a + 2. Let l be x(-4). Let c(d) = 3*d**2 - 3*d**3 + 4*d**3 - 9*d + 6*d. Determine c(l).
9
Let x(l) = -l**2 + 17*l + 18. Let j be x(18). Let s(k) be the third derivative of -k**4/24 - 13*k**3/6 + k**2. Determine s(j).
-13
Let u(i) = 3*i**2 - i**3 + 2*i**3 + i + 4 + 2*i**2. Give u(-5).
-1
Let d = -5 + 9. Let f(s) = -5*s + 10*s + 46*s**2 - 1 - 51*s**2 + s**3. What is f(d)?
3
Let x(a) = a**2 - a. Let w(t) = -3*t**2 - 2*t. Let j(q) = w(q) - 2*x(q). Give j(1).
-5
Let l(t) = 2 + 0 - 2*t**2 + 2*t - 1. Let f = 64 + -62. Give l(f).
-3
Suppose 5*a = -2*m + 11, m + 0 = 5*a - 2. Let v(u) = 8*u**3 - u**2 - u + 1. Give v(a).
7
Let y(c) = -6*c**3 + 6*c**2 + 4*c + 1. Let v = 11 - 6. Let p(g) = 1 + 5*g**2 - g**3 + 3*g - 2*g**3 - 2*g**3. Let x(b) = v*p(b) - 4*y(b). Determine x(1).
0
Let j(a) be the second derivative of 4*a + 1/2*a**3 + 1/2*a**2 + 0. Calculate j(1).
4
Let j(n) = -n - 1. Let l(s) = -8*s - 5. Let o(z) = -6*j(z) + l(z). Suppose 4*c + 3 = 3*c. Let y be 4*(6/(-4))/c. Determine o(y).
-3
Let o(s) = 3*s**2 + 4*s + 1. Let a(g) = g**2 - 6*g + 4. Let u be a(5). Let p(h) = -h**2 + 1. Let j(b) = u*o(b) - 4*p(b). What is j(5)?
0
Let w = -90 - -91. Let i(q) = 6*q**3. What is i(w)?
6
Let d(t) = t**3 - 4*t**2 + 2*t + 4. Suppose -6*v + 11*v + 3*p = 39, -4*v = -4*p - 12. Suppose o - 3*q = v, q + 2*q = -4*o + 9. Determine d(o).
1
Let d(r) = 5*r**2 - 10*r - 2. Let k(c) = -4*c**2 + 9*c + 1. Let u(l) = 3*d(l) + 4*k(l). Let w be u(4). Let o(x) = -2 + 2*x + 2*x - x**2 - w*x. Give o(-2).
-2
Suppose 5*w - 24 = 4*q + 3, 0 = 4*w - 2*q - 18. Let s(z) = z**2 - 5*z + 2. Determine s(w).
-4
Suppose 0 = -16*k + 20*k - 12. Let v(i) = -i**3 + i**2 + 2*i + 4. What is v(k)?
-8
Let v = -11 - -16. Let t(q) = -7*q**2 + 3*q - 1. Let d(b) = -4*b**2 + b - 1. Let z(w) = 5*d(w) - 3*t(w). Determine z(v).
3
Let u(s) = -s**3 + 6*s**2 + s - 7. Let o(q) = q + 2. Let w be o(4). Let n be u(w). Let v(i) = -8*i. Calculate v(n).
8
Let w = -93 - -88. Let h(j) = -6*j - 21. Let n(c) = -2*c - 7. Let d(y) = 6*h(y) - 17*n(y). Determine d(w).
3
Let a(z) = -z**2 - 2*z + 1. Let j be a(-3). Let k(y) = -y**3 - 2*y**2 + y + 1. What is k(j)?
-1
Let o(x) = x**3 - 8*x**2 + 6*x + 10. Suppose 0 = 3*j - l - 106, 3*l = 3*j - 108 + 12. Suppose 0*s = 3*u + s - 23, 5*u - j = -s. What is o(u)?
3
Suppose -3 = 45*i - 46*i. Let j(n) = n**2 + 1. Calculate j(i).
10
Let t(z) be the first derivative of -z**6/120 + z**5/12 - z**4/4 + z**3/3 - 3*z**2/2 - 2. Let m(n) be the second derivative of t(n). Determine m(4).
-6
Let i(t) be the second derivative of t**5/60 + t**4/12 + t**3/6 + t**2 - 2*t. Let h(u) be the first derivative of i(u). Calculate h(-1).
0
Suppose 24 = 6*r - 6. Let k(i) = -i**3 + 5*i**2 - i + 5. What is k(r)?
0
Let a be (-4)/(-7)*(-14)/(-4). Let p(g) = a - g + g**3 + 0*g + g. Give p(0).
2
Let y(o) be the second derivative of -o**3/6 + o**2/2 - 2*o. Let n be (-4)/(((-2)/4)/((-7)/(-14))). What is y(n)?
-3
Let g(b) = b**3 - b**2. Suppose 0 = -14*z + 11*z. Calculate g(z).
0
Let b(a) = a + 1. Let r(p) = 2*p + 8. Let h(q) = 3*b(q) - r(q). Give h(6).
1
Let d(m) = -m**3 - 4*m**2 - m. Let i(b) = -9*b - 3. Let j be i(-2). Let x(q) = -q + 2. Let v be x(-2). Suppose v*h - 4*o = -43 + 7, j = 3*o. Determine d(h).
4
Let d(z) = 4*z**2 - 6*z. Let p(r) = -3*r**2 + 4*r. Suppose n + 2*t = 7*t + 2, -5*n = 2*t - 37. Let q(v) = n*p(v) + 5*d(v). Give q(-2).
0
Let n(s) = -5. Let v(d) = -d + 5. Let o(c) = 2*n(c) + 3*v(c). Let q(w) = 16*w - 25. Let r(p) = -11*o(p) - 2*q(p). Determine r(6).
1
Let c(g) = 6*g + 3*g**2 - 4*g**2 - g. Suppose 1 - 7 = -u. Calculate c(u).
-6
Let a(m) = -m + 7. Let r be -1*1/(-1)*7. Give a(r).
0
Let n(j) = j**3 - 4*j**2 + 3. Let a(s) = s**3 + 8*s**2 + 5*s - 10. Let m be a(-7). Calculate n(m).
3
Let t(d) = d**2 + d. Let b = 0 - 1. Let z(k) = -2*k**3 + 5*k**2 + 2*k - 1. Let m(s) = b*z(s) + 2*t(s). Let u(a) = 2*a**2 - 2*a - 2. Let l be u(2). What is m(l)?
5
Let m(y) = -2*y + 3*y**2 + 2*y + 2*y. Let s(c) = 4*c + 2 + 4*c**2 + c**3 - 2 + c**2 - 2. Let o be s(-4). What is m(o)?
8
Let p(m) = 3*m**2 + m. Let y(n) = 2*n**3 + 1. Let g be y(1). Suppose 5 - 2 = -g*f. Give p(f).
2
Let o(z) be the first derivative of 1/2*z**2 + 2 - 8*z. Determine o(6).
-2
Let x = -27 - -23. Let y(c) = -2*c**2 - 4*c + 5. What is y(x)?
-11
Let q(u) be the first derivative of 1/4*u**4 + u - u**3 + 0*u**2 + 4. Let w be (2/3)/((-4)/(-18)). Calculate q(w).
1
Let n(t) be the first derivative of t**5/60 - t**4/12 + t**3/3 + 5*t**2/2 + 5. Let h(k) be the second derivative of n(k). Let d = -6 + 8. Determine h(d).
2
Let c(o) be the second derivative of o**5/20 + o**4/2 + o**3 + 5*o. What is c(-5)?
-5
Let z(o) = -o**2 + 7*o. Let i(q) = -q. Let u(k) = -6*i(k) - z(k). Calculate u(2).
2
Let s be (-2)/(-2) - (1 + 3). Suppose 3*t + t - 8 = 0. Let m(u) = 4*u**2 + u**2 - 3 - 4*u**t. Calculate m(s).
6
Let w(t) = 0*t**3 - t - 4*t**2 + 3*t**2 + t**3 + 1. Suppose -2*j + 10 = -5*y, 3*j - 15 = 3*y + y. Determine w(y).
1
Let a(j) = j + 3 - 8 + 1 - 6. Determine a(0).
-10
Let a(g) = g + 1. Let q(t) = -t**2 + 4*t + 1. Let l be q(3). Let c be (-46)/8 - l/16. Give a(c).
-5
Let y = 67 + -200/3. Let o(h) be the first derivative of -3*h + y*h**3 + 3 - 3/2*h**2. What is o(5)?
7
Let l(g) = -4*g + 2*g**2 - 4 + 11*g - 10*g + g**3. What is l(-3)?
-4
Let i(q) = q**3 - 9*q**2 - q + 8. Let b(s) = s**3 - 8*s**2 + 7. Let y(k) = -4*b(k) + 3*i(k). Give y(4).
0
Let a be (-3)/(-15) + (-48)/(-10). Suppose -4*c - 5*w = -24, a*w = -3*c + 39 - 16. Let u(z) = 8*z**2. Determine u(c).
8
Suppose -3*i + m + 15 = -3*m, -5*i + 25 = m. Let t(b) be the first derivative of -b**4/4 + 5*b**3/3 + 3*b**2/2 - 6*b - 15. Give t(i).
9
Let g(y) be the first derivative of -y**3/3 - y**2/2 + y - 37. Determine g(2).
-5
Suppose 3*y = -0*y + 6. Suppose -5*j - 5*l = 40, j + y*j - 5*l - 8 = 0. Let a(q) = q**2 + q - 1. Determine a(j).
11
Let j(k) = -k**2 - 6*k + 7. Let v(z) = -2*z**2 - 6*z - 6. Let y be v(-3). Give j(y).
7
Let w(q) = q**3 - 5*q**2 - 2*q + 4. Suppose -v + 5*v = -2*j + 28, 0 = 5*v + 3*j - 37. Calculate w(v).
-6
Let s = 6 - 4. Suppose 0*u = -5*c + 4*u - 37, 0 = -2*c - 4*u + s. Let z(x) = 0 - x + 2*x + 3. Give z(c).
-2
Let f(x) = x - 5. Let d(l) = l - 5. Let i(s) = -6*d(s) + 5*f(s). What is i(4)?
1
Suppose i - 9 = -2*i + 3*c, -c - 1 = -2*i. Let p be (-66)/(-12) - i/(-4). Let r(f) = f**2 - 4*f + 2. Give r(p).
7
Let v(p) = -p**3 - 2*p**2 + p - 4. Let i(r) = -r - 6. Let u be i(-3). Determine v(u).
2
Let u(i) = -i**2 - i - 2*i**2 + 0*i**2 - i**3 - 3. Let n be -6 + 9 - (7 + -1). Calculate u(n).
0
Let t be (-12)/9*3/(-2). Let o(y) = -4*y**2 + 3*y - t